{"id":120,"date":"2018-10-01T00:25:20","date_gmt":"2018-09-30T22:25:20","guid":{"rendered":"http:\/\/ciceron-avocats.com\/?page_id=120"},"modified":"2025-08-17T11:01:51","modified_gmt":"2025-08-17T09:01:51","slug":"accueil","status":"publish","type":"page","link":"https:\/\/www.ciceron-avocats.com\/","title":{"rendered":"Accueil"},"content":{"rendered":"\n<div class=\"wp-block-themepunch-revslider revslider\" data-slidertitle=\"Accueil\">\n\t\t\t<!-- START Accueil REVOLUTION SLIDER 6.1.1 --><p class=\"rs-p-wp-fix\"><\/p>\n\t\t\t<rs-module-wrap id=\"rev_slider_2_1_wrapper\" data-source=\"gallery\" style=\"background:rgba(232,78,15,0);padding:0;margin:0px auto;margin-top:0;margin-bottom:0;\">\n\t\t\t\t<rs-module id=\"rev_slider_2_1\" style=\"display:none;\" data-version=\"6.1.1\">\n\t\t\t\t\t<rs-slides>\n\t\t\t\t\t\t<rs-slide data-key=\"rs-6\" data-title=\"nancy\" data-thumb=\"\/\/www.ciceron-avocats.com\/wp-content\/uploads\/2021\/01\/nancy-100x50.jpg\" data-duration=\"3000\" data-anim=\"ei:d;eo:d;s:d;r:0;t:slidingoverlayleft;sl:d;\">\n\t\t\t\t\t\t\t<img decoding=\"async\" src=\"\/\/www.ciceron-avocats.com\/wp-content\/uploads\/2021\/01\/nancy.jpg\" title=\"Accueil\" data-parallax=\"off\" class=\"rev-slidebg\" data-no-retina>\n<!--\n\t\t\t\t\t\t\t--><rs-layer\n\t\t\t\t\t\t\t\tid=\"slider-2-slide-6-layer-4\" \n\t\t\t\t\t\t\t\tclass=\"tp-shape tp-shapewrapper\"\n\t\t\t\t\t\t\t\tdata-type=\"shape\"\n\t\t\t\t\t\t\t\tdata-rsp_ch=\"on\"\n\t\t\t\t\t\t\t\tdata-xy=\"x:c;y:m;\"\n\t\t\t\t\t\t\t\tdata-text=\"a:inherit;\"\n\t\t\t\t\t\t\t\tdata-dim=\"w:3800px;h:300px;\"\n\t\t\t\t\t\t\t\tdata-blendmode=\"color\"\n\t\t\t\t\t\t\t\tdata-frame_0=\"o:1;tp:600;\"\n\t\t\t\t\t\t\t\tdata-frame_1=\"tp:600;sR:10;\"\n\t\t\t\t\t\t\t\tdata-frame_999=\"tp:600;st:w;sR:2690;\"\n\t\t\t\t\t\t\t\tstyle=\"z-index:5;background-color:rgba(232,78,15,0.5);\"\n\t\t\t\t\t\t\t> \n\t\t\t\t\t\t\t<\/rs-layer><!--\n-->\t\t\t\t\t\t<\/rs-slide>\n\t\t\t\t\t\t<rs-slide data-key=\"rs-5\" data-title=\"paris\" data-thumb=\"\/\/www.ciceron-avocats.com\/wp-content\/uploads\/2021\/01\/paris-100x50.jpg\" data-duration=\"3000\" data-anim=\"ei:d;eo:d;s:d;r:0;t:slidingoverlayleft;sl:d;\">\n\t\t\t\t\t\t\t<img decoding=\"async\" src=\"\/\/www.ciceron-avocats.com\/wp-content\/uploads\/2021\/01\/paris.jpg\" title=\"Accueil\" data-parallax=\"off\" class=\"rev-slidebg\" data-no-retina>\n<!--\n\t\t\t\t\t\t\t--><rs-layer\n\t\t\t\t\t\t\t\tid=\"slider-2-slide-5-layer-1\" \n\t\t\t\t\t\t\t\tclass=\"tp-shape tp-shapewrapper\"\n\t\t\t\t\t\t\t\tdata-type=\"shape\"\n\t\t\t\t\t\t\t\tdata-rsp_ch=\"on\"\n\t\t\t\t\t\t\t\tdata-xy=\"x:c;y:m;\"\n\t\t\t\t\t\t\t\tdata-text=\"fw:100;a:inherit;\"\n\t\t\t\t\t\t\t\tdata-dim=\"w:3800px;h:300px;\"\n\t\t\t\t\t\t\t\tdata-blendmode=\"color\"\n\t\t\t\t\t\t\t\tdata-frame_0=\"o:1;tp:600;\"\n\t\t\t\t\t\t\t\tdata-frame_1=\"tp:600;st:0;\"\n\t\t\t\t\t\t\t\tdata-frame_999=\"tp:600;st:w;sR:2700;\"\n\t\t\t\t\t\t\t\tstyle=\"z-index:5;background-color:rgba(232,78,15,0.5);\"\n\t\t\t\t\t\t\t> \n\t\t\t\t\t\t\t<\/rs-layer><!--\n-->\t\t\t\t\t\t<\/rs-slide>\n\t\t\t\t\t\t<rs-slide data-key=\"rs-4\" data-title=\"la_rochelle\" data-thumb=\"\/\/www.ciceron-avocats.com\/wp-content\/uploads\/2021\/01\/la_rochelle-100x50.jpg\" data-duration=\"3000\" data-anim=\"ei:d;eo:d;s:d;r:0;t:slidingoverlayleft;sl:d;\">\n\t\t\t\t\t\t\t<img decoding=\"async\" src=\"\/\/www.ciceron-avocats.com\/wp-content\/uploads\/2021\/01\/la_rochelle.jpg\" title=\"Accueil\" data-parallax=\"off\" class=\"rev-slidebg\" data-no-retina>\n<!--\n\t\t\t\t\t\t\t--><rs-layer\n\t\t\t\t\t\t\t\tid=\"slider-2-slide-4-layer-1\" \n\t\t\t\t\t\t\t\tclass=\"tp-shape tp-shapewrapper\"\n\t\t\t\t\t\t\t\tdata-type=\"shape\"\n\t\t\t\t\t\t\t\tdata-rsp_ch=\"on\"\n\t\t\t\t\t\t\t\tdata-xy=\"x:c;y:m;\"\n\t\t\t\t\t\t\t\tdata-text=\"fw:100;a:inherit;\"\n\t\t\t\t\t\t\t\tdata-dim=\"w:3800px;h:300px;\"\n\t\t\t\t\t\t\t\tdata-blendmode=\"color\"\n\t\t\t\t\t\t\t\tdata-frame_0=\"o:1;tp:600;\"\n\t\t\t\t\t\t\t\tdata-frame_1=\"tp:600;e:Power4.easeInOut;st:0;sp:2000;\"\n\t\t\t\t\t\t\t\tdata-frame_999=\"tp:600;st:w;sR:1000;\"\n\t\t\t\t\t\t\t\tstyle=\"z-index:5;background-color:rgba(232,78,15,0.5);\"\n\t\t\t\t\t\t\t> \n\t\t\t\t\t\t\t<\/rs-layer><!--\n-->\t\t\t\t\t\t<\/rs-slide>\n\t\t\t\t\t\t<rs-slide data-key=\"rs-7\" data-title=\"marseille\" data-thumb=\"\/\/www.ciceron-avocats.com\/wp-content\/uploads\/2022\/06\/marseille-100x50.jpg\" data-duration=\"3000\" data-anim=\"ei:d;eo:d;s:d;r:0;t:slidingoverlayleft;sl:d;\">\n\t\t\t\t\t\t\t<img decoding=\"async\" src=\"\/\/www.ciceron-avocats.com\/wp-content\/uploads\/2022\/06\/marseille.jpg\" title=\"Accueil\" data-parallax=\"off\" class=\"rev-slidebg\" data-no-retina>\n<!--\n\t\t\t\t\t\t\t--><rs-layer\n\t\t\t\t\t\t\t\tid=\"slider-2-slide-7-layer-1\" \n\t\t\t\t\t\t\t\tclass=\"tp-shape tp-shapewrapper\"\n\t\t\t\t\t\t\t\tdata-type=\"shape\"\n\t\t\t\t\t\t\t\tdata-rsp_ch=\"on\"\n\t\t\t\t\t\t\t\tdata-xy=\"x:c;y:m;\"\n\t\t\t\t\t\t\t\tdata-text=\"fw:100;a:inherit;\"\n\t\t\t\t\t\t\t\tdata-dim=\"w:3800px;h:300px;\"\n\t\t\t\t\t\t\t\tdata-blendmode=\"color\"\n\t\t\t\t\t\t\t\tdata-frame_0=\"o:1;tp:600;\"\n\t\t\t\t\t\t\t\tdata-frame_1=\"tp:600;e:Power4.easeInOut;sp:2000;sR:10;\"\n\t\t\t\t\t\t\t\tdata-frame_999=\"tp:600;st:w;sR:990;\"\n\t\t\t\t\t\t\t\tstyle=\"z-index:5;background-color:rgba(232,78,15,0.5);\"\n\t\t\t\t\t\t\t> \n\t\t\t\t\t\t\t<\/rs-layer><!--\n-->\t\t\t\t\t\t<\/rs-slide>\n\t\t\t\t\t<\/rs-slides>\n\t\t\t\t\t<rs-progress class=\"rs-bottom\" style=\"height: 1px; background: rgba(232,78,15,0.6);\"><\/rs-progress>\n\t\t\t\t<\/rs-module>\n\t\t\t\t<script type=\"text\/javascript\">\n\t\t\t\t\tsetREVStartSize({c: 'rev_slider_2_1',rl:[1240,1024,778,480],el:[],gw:[1240,1024,778,480],gh:[300,300,300,300],layout:'fullwidth',mh:\"0\"});\n\t\t\t\t\tvar\trevapi2,\n\t\t\t\t\t\ttpj;\n\t\t\t\t\tjQuery(function() {\n\t\t\t\t\t\ttpj = jQuery;\n\t\t\t\t\t\tif(tpj(\"#rev_slider_2_1\").revolution == undefined){\n\t\t\t\t\t\t\trevslider_showDoubleJqueryError(\"#rev_slider_2_1\");\n\t\t\t\t\t\t}else{\n\t\t\t\t\t\t\trevapi2 = tpj(\"#rev_slider_2_1\").show().revolution({\n\t\t\t\t\t\t\t\tjsFileLocation:\"\/\/www.ciceron-avocats.com\/wp-content\/plugins\/revslider\/public\/assets\/js\/\",\n\t\t\t\t\t\t\t\tsliderLayout:\"fullwidth\",\n\t\t\t\t\t\t\t\tvisibilityLevels:\"1240,1024,778,480\",\n\t\t\t\t\t\t\t\tgridwidth:\"1240,1024,778,480\",\n\t\t\t\t\t\t\t\tgridheight:\"300,300,300,300\",\n\t\t\t\t\t\t\t\tminHeight:\"\",\n\t\t\t\t\t\t\t\tresponsiveLevels:\"1240,1024,778,480\",\n\t\t\t\t\t\t\t\tnavigation: {\n\t\t\t\t\t\t\t\t\tmouseScrollNavigation:false,\n\t\t\t\t\t\t\t\t\tonHoverStop:false,\n\t\t\t\t\t\t\t\t\ttouch: {\n\t\t\t\t\t\t\t\t\t\ttouchenabled:true,\n\t\t\t\t\t\t\t\t\t\tswipe_min_touches:50\n\t\t\t\t\t\t\t\t\t},\n\t\t\t\t\t\t\t\t\tarrows: {\n\t\t\t\t\t\t\t\t\t\tenable:true,\n\t\t\t\t\t\t\t\t\t\tstyle:\"hesperiden\",\n\t\t\t\t\t\t\t\t\t\thide_onmobile:true,\n\t\t\t\t\t\t\t\t\t\thide_under:600,\n\t\t\t\t\t\t\t\t\t\thide_onleave:true,\n\t\t\t\t\t\t\t\t\t\tleft: {\n\t\t\t\t\t\t\t\t\t\t\th_offset:30\n\t\t\t\t\t\t\t\t\t\t},\n\t\t\t\t\t\t\t\t\t\tright: {\n\t\t\t\t\t\t\t\t\t\t\th_offset:30\n\t\t\t\t\t\t\t\t\t\t}\n\t\t\t\t\t\t\t\t\t},\n\t\t\t\t\t\t\t\t\tbullets: {\n\t\t\t\t\t\t\t\t\t\tenable:true,\n\t\t\t\t\t\t\t\t\t\ttmp:\"\",\n\t\t\t\t\t\t\t\t\t\tstyle:\"hephaistos\",\n\t\t\t\t\t\t\t\t\t\thide_onmobile:true,\n\t\t\t\t\t\t\t\t\t\thide_under:600,\n\t\t\t\t\t\t\t\t\t\thide_onleave:true,\n\t\t\t\t\t\t\t\t\t\tv_offset:30\n\t\t\t\t\t\t\t\t\t}\n\t\t\t\t\t\t\t\t},\n\t\t\t\t\t\t\t\tparallax: {\n\t\t\t\t\t\t\t\t\tlevels:[2,3,4,5,6,7,12,16,10,50,47,48,49,50,51,55],\n\t\t\t\t\t\t\t\t\ttype:\"mouse\",\n\t\t\t\t\t\t\t\t\torigo:\"slidercenter\",\n\t\t\t\t\t\t\t\t\tspeed:2000\n\t\t\t\t\t\t\t\t},\n\t\t\t\t\t\t\t\tfallbacks: {\n\t\t\t\t\t\t\t\t\tallowHTML5AutoPlayOnAndroid:true\n\t\t\t\t\t\t\t\t},\n\t\t\t\t\t\t\t});\n\t\t\t\t\t\t}\n\t\t\t\t\t\t\n\t\t\t\t\t});\n\t\t\t\t<\/script>\n\t\t\t\t<script>\n\t\t\t\t\tvar htmlDivCss = unescape(\"%23rev_slider_2_1_wrapper%20.hesperiden.tparrows%20%7B%0A%09cursor%3Apointer%3B%0A%09background%3Argba%280%2C0%2C0%2C0.5%29%3B%0A%09width%3A40px%3B%0A%09height%3A40px%3B%0A%09position%3Aabsolute%3B%0A%09display%3Ablock%3B%0A%09z-index%3A1000%3B%0A%20%20%20%20border-radius%3A%2050%25%3B%0A%7D%0A%23rev_slider_2_1_wrapper%20.hesperiden.tparrows%3Ahover%20%7B%0A%09background%3A%23000000%3B%0A%7D%0A%23rev_slider_2_1_wrapper%20.hesperiden.tparrows%3Abefore%20%7B%0A%09font-family%3A%20%27revicons%27%3B%0A%09font-size%3A20px%3B%0A%09color%3A%23ffffff%3B%0A%09display%3Ablock%3B%0A%09line-height%3A%2040px%3B%0A%09text-align%3A%20center%3B%0A%7D%0A%23rev_slider_2_1_wrapper%20.hesperiden.tparrows.tp-leftarrow%3Abefore%20%7B%0A%09content%3A%20%27%5Ce82c%27%3B%0A%20%20%20%20margin-left%3A-3px%3B%0A%7D%0A%23rev_slider_2_1_wrapper%20.hesperiden.tparrows.tp-rightarrow%3Abefore%20%7B%0A%09content%3A%20%27%5Ce82d%27%3B%0A%20%20%20%20margin-right%3A-3px%3B%0A%7D%0A%23rev_slider_2_1_wrapper%20.hephaistos%20.tp-bullet%20%7B%0A%09width%3A12px%3B%0A%09height%3A12px%3B%0A%09position%3Aabsolute%3B%0A%09background%3A%23999999%3B%0A%09border%3A3px%20solid%20rgba%28255%2C255%2C255%2C0.9%29%3B%0A%09border-radius%3A50%25%3B%0A%09cursor%3A%20pointer%3B%0A%09box-sizing%3Acontent-box%3B%0A%20%20%20%20box-shadow%3A%200px%200px%202px%201px%20rgba%28130%2C130%2C130%2C%200.3%29%3B%0A%7D%0A%23rev_slider_2_1_wrapper%20.hephaistos%20.tp-bullet%3Ahover%2C%0A%23rev_slider_2_1_wrapper%20.hephaistos%20.tp-bullet.selected%20%7B%0A%09background%3A%23ffffff%3B%0A%20%20%20%20border-color%3A%23000000%3B%0A%7D%0A\");\n\t\t\t\t\tvar htmlDiv = document.getElementById('rs-plugin-settings-inline-css');\n\t\t\t\t\tif(htmlDiv) {\n\t\t\t\t\t\thtmlDiv.innerHTML = htmlDiv.innerHTML + htmlDivCss;\n\t\t\t\t\t}else{\n\t\t\t\t\t\tvar htmlDiv = document.createElement('div');\n\t\t\t\t\t\thtmlDiv.innerHTML = '<style>' + htmlDivCss + '<\/style>';\n\t\t\t\t\t\tdocument.getElementsByTagName('head')[0].appendChild(htmlDiv.childNodes[0]);\n\t\t\t\t\t}\n\t\t\t\t<\/script>\n\t\t\t\t<script>\n\t\t\t\t\tvar htmlDivCss = unescape(\"%0A%0A%0A%0A%0A%0A%0A%0A\");\n\t\t\t\t\tvar htmlDiv = document.getElementById('rs-plugin-settings-inline-css');\n\t\t\t\t\tif(htmlDiv) {\n\t\t\t\t\t\thtmlDiv.innerHTML = htmlDiv.innerHTML + htmlDivCss;\n\t\t\t\t\t}else{\n\t\t\t\t\t\tvar htmlDiv = document.createElement('div');\n\t\t\t\t\t\thtmlDiv.innerHTML = '<style>' + htmlDivCss + '<\/style>';\n\t\t\t\t\t\tdocument.getElementsByTagName('head')[0].appendChild(htmlDiv.childNodes[0]);\n\t\t\t\t\t}\n\t\t\t\t<\/script>\n\t\t\t<\/rs-module-wrap>\n\t\t\t<!-- END REVOLUTION SLIDER -->\n<\/div>\n\n\n<div class=\"clear\"><\/div>\n\t\t\t<style type=\"text\/css\">\n\t\t\t\t#content-block-background-1214 { background-image: url(); background-position: center top; background-repeat: no-repeat; background-color: #F5F5F5; background-attachment: scroll; background-size: auto; }\n\t\t\t\t#content-block-body-1214 { padding: 10px 0; color: inherit; }\n\t\t\t\t.content-block-body { margin-left: auto; margin-right: auto; position: relative; }\n\t\t\t<\/style>\n\t\t\t\t\t\t\t<style type=\"text\/css\">\n\t\t\t\t\t#wrapper-1 { overflow-x: hidden; }\n\t\t\t\t\t#content-block-background-1214 { margin: 0 -10000px; padding: 0 10000px; }\n\t\t\t\t<\/style>\n\t\t\t\n\t\t\t\n\t\t\t<div class=\"clear\"><\/div>\n\t\t\t<div id=\"content-block-background-1214\" class=\"content-block-background \">\n\t\t\t\t<div id=\"content-block-body-1214\" class=\"content-block-body\">\n\t\t\t\t\t<div class=\"clear\"><\/div>\n\t\t\t\t\t\n<h1><span style=\"color: #e84e0f; font-size: 32px;\">Cic\u00e9ron Avocats<\/span><\/h1>\n<p>intervient dans toutes les branches du droit des affaires, afin de r\u00e9pondre \u00e0 l\u2019ensemble des probl\u00e9matiques juridiques des entreprises et de leurs dirigeants \u00e0 travers une approche globale de leurs dossiers. <strong>Proposant une expertise juridique compl\u00e8te des probl\u00e9matiques de ses clients<\/strong>, <span style=\"color: #e84e0f;\">CIC\u00c9RON AVOCATS<\/span> conseille et assiste les entreprises et leurs dirigeants dans toutes les situations qu\u2019ils rencontrent, aussi bien de fa\u00e7on quotidienne (suivi juridique) que ponctuelle (op\u00e9rations exceptionnelles, r\u00e9daction de contrats, contentieux, etc.).<br \/>\t\t\t\t\t<div class=\"clear\"><\/div>\n\t\t\t\t<\/div>\n\t\t\t<\/div>\n\t\t\t<div class=\"clear\"><\/div>\n\t\t\t\n<div class=\"clear\"><\/div>\n<h6>CIC\u00c9RON AVOCATS est organis\u00e9 autour de plusieurs p\u00f4les d\u2019activit\u00e9 :<\/h6>\n<ul>\n<li>Droit des soci\u00e9t\u00e9s<\/li>\n<li>Droit fiscal<\/li>\n<li>Droit commercial et des contrats<\/li>\n<li>Start-up<\/li>\n<li>Patrimoine<\/li>\n<li>Droit du travail<\/li>\n<li>Contentieux de l\u2019entreprise<\/li>\n<\/ul>\n<div class=\"divider\"><\/div>\n<h6>Notre mission consiste \u00e0 accompagner et \u00e0 d\u00e9fendre les int\u00e9r\u00eats de nos clients en les conseillant de fa\u00e7on pr\u00e9cise, utile et compl\u00e8te. Le succ\u00e8s de notre mission r\u00e9side dans la cr\u00e9ation et le maintien d\u2019une relation de confiance qui suppose disponibilit\u00e9, r\u00e9activit\u00e9 et \u00e9coute.<\/h6>\n<p>Nous cherchons \u00e0 comprendre les situations et probl\u00e9matiques propres \u00e0 chacun de nos clients pour en saisir leurs caract\u00e9ristiques et sp\u00e9cificit\u00e9s. Ainsi, un v\u00e9ritable \u00e9change et une information r\u00e9guli\u00e8re \u00e0 chaque \u00e9tape de la proc\u00e9dure ou du dossier sont mis en place pour \u00e9laborer, de concert, la meilleure strat\u00e9gie.<\/p>\n<p>Nous savons \u00e9galement privil\u00e9gier une approche pragmatique en privil\u00e9giant la n\u00e9gociation lorsqu\u2019elle apparait pr\u00e9f\u00e9rable.<\/p>\n\t\t\t<style type=\"text\/css\">\n\t\t\t\t#content-block-background-1777 { background-image: url(); background-position: 50% 0; background-repeat: repeat; background-color: #E84E0F; background-attachment: scroll; background-size: auto; }\n\t\t\t\t#content-block-body-1777 { padding: 15px 0; color: #FFFFFF; }\n\t\t\t\t.content-block-body { margin-left: auto; margin-right: auto; position: relative; }\n\t\t\t<\/style>\n\t\t\t\t\t\t\t<style type=\"text\/css\">\n\t\t\t\t\t#wrapper-1 { overflow-x: hidden; }\n\t\t\t\t\t#content-block-background-1777 { margin: 0 -10000px; padding: 0 10000px; }\n\t\t\t\t<\/style>\n\t\t\t\n\t\t\t\t\t\t<script type=\"text\/javascript\">\n\t\t\t\t\/\/ <![CDATA[\n\t\t\t\tjQuery(document).ready(function($){\n\t\t\t\t\t\"use strict\";\n\t\t\t\t\tif( ! $(\"body\").hasClass( \"mobile-detected\" ) ){\n\t\t\t\t\t\t$(\"#content-block-background-\"+1777).each(function(){\n\t\t\t\t\t\t\tvar $bgobj = $(this); \/\/ Assigning the object.\n\t\t\t\t\t\t\tvar xPos = '50%'; \/\/ x bg position value from the user shortcode.\n\t\t\t\t\t\t\t$(window).scroll(function() {\n\t\t\t\t\t\t\t\tvar yPos = -($(window).scrollTop() \/ 3);\n\t\t\t\t\t\t\t\t\/\/ Put together our final background position.\n\t\t\t\t\t\t\t\tvar coords = xPos+' '+yPos+'px';\n\t\t\t\t\t\t\t\t\/\/ Move the background.\n\t\t\t\t\t\t\t\t$bgobj.css({ backgroundPosition: coords });\n\t\t\t\t\t\t\t});\n\t\t\t\t\t\t});\n\t\t\t\t\t}\n\t\t\t\t});\n\t\t\t\t\/\/ ]]>\n\t\t\t<\/script>\n\t\t\t\n\t\t\t<div class=\"clear\"><\/div>\n\t\t\t<div id=\"content-block-background-1777\" class=\"content-block-background \">\n\t\t\t\t<div id=\"content-block-body-1777\" class=\"content-block-body\">\n\t\t\t\t\t<div class=\"clear\"><\/div>\n\t\t\t\t\t\n<h1 style=\"float: left; display: inline-block; margin: 10px 0; font-size: 27px; line-height: 1.2; color: #ffffff;\">Formant une \u00e9quipe soud\u00e9e,<br \/>nous \u00e9changeons ensemble en permanence,<br \/>ce qui permet \u00e0 nos clients<br \/>d\u2019avoir un interlocuteur unique :<\/h1>\n<a class=\"flat-custom-button align-btn-right\" href=\"\/index.php\/equipe\" title=\"\"><span style=\"padding:23px 20px; background-color:transparent; border:1px solid #FFFFFF; color:#FFFFFF; font-size:16px;\">L'\u00c9QUIPE CIC\u00c9RON AVOCATS<\/span><\/a>\t\t\t\t\t<div class=\"clear\"><\/div>\n\t\t\t\t<\/div>\n\t\t\t<\/div>\n\t\t\t<div class=\"clear\"><\/div>\n\t\t\t\n<p><map name=\"equipe\"> \n<area title=\"Jean-Christophe Monne\" alt=\"JCM\" coords=\"207,222,52\" shape=\"circle\" href=\"\/index.php\/equipe\/#jcm\" target=\"_self\" \/>\n \n<area title=\"St\u00e9phanie Delfour\" alt=\"SD\" coords=\"703,256,62\" shape=\"circle\" href=\"\/index.php\/equipe\/#sd\" target=\"_self\" \/>\n \n<area title=\"Julien Boutiron\" alt=\"JB\" coords=\"547,56,48\" shape=\"circle\" href=\"\/index.php\/equipe\/#jb\" target=\"_self\" \/>\n <\/map><\/p>\n<div style=\"margin: 20px 0px; text-align: left;\"><div style=\"text-align:center;\"><div class=\"custom-frame-wrapper aligncenter\"><div class=\"custom-frame-inner-wrapper\"><div class=\"custom-frame-padding\"><img loading=\"lazy\" decoding=\"async\" class=\"alignnone size-medium wp-image-719\" src=\"https:\/\/www.ciceron-avocats.com\/wp-content\/uploads\/2025\/08\/equipe-1-300x231.jpeg\" alt=\"\" width=\"300\" height=\"231\" srcset=\"https:\/\/www.ciceron-avocats.com\/wp-content\/uploads\/2025\/08\/equipe-1-300x231.jpeg 300w, https:\/\/www.ciceron-avocats.com\/wp-content\/uploads\/2025\/08\/equipe-1-1024x790.jpeg 1024w, https:\/\/www.ciceron-avocats.com\/wp-content\/uploads\/2025\/08\/equipe-1-768x592.jpeg 768w, https:\/\/www.ciceron-avocats.com\/wp-content\/uploads\/2025\/08\/equipe-1-1536x1184.jpeg 1536w, https:\/\/www.ciceron-avocats.com\/wp-content\/uploads\/2025\/08\/equipe-1-2048x1579.jpeg 2048w\" sizes=\"auto, (max-width: 300px) 100vw, 300px\" \/><\/div><\/div><\/div><\/div><\/div>","protected":false},"excerpt":{"rendered":"<p>CIC\u00c9RON AVOCATS est organis\u00e9 autour de plusieurs p\u00f4les d\u2019activit\u00e9 : Droit des soci\u00e9t\u00e9s Droit fiscal Droit commercial et des contrats Start-up Patrimoine Droit du travail Contentieux de l\u2019entreprise Notre mission consiste \u00e0 accompagner et \u00e0 d\u00e9fendre les int\u00e9r\u00eats de nos clients en les conseillant de fa\u00e7on pr\u00e9cise,<\/p>\n","protected":false},"author":1,"featured_media":0,"parent":0,"menu_order":0,"comment_status":"closed","ping_status":"closed","template":"","meta":{"footnotes":""},"class_list":["post-120","page","type-page","status-publish","hentry"],"_links":{"self":[{"href":"https:\/\/www.ciceron-avocats.com\/index.php\/wp-json\/wp\/v2\/pages\/120","targetHints":{"allow":["GET"]}}],"collection":[{"href":"https:\/\/www.ciceron-avocats.com\/index.php\/wp-json\/wp\/v2\/pages"}],"about":[{"href":"https:\/\/www.ciceron-avocats.com\/index.php\/wp-json\/wp\/v2\/types\/page"}],"author":[{"embeddable":true,"href":"https:\/\/www.ciceron-avocats.com\/index.php\/wp-json\/wp\/v2\/users\/1"}],"replies":[{"embeddable":true,"href":"https:\/\/www.ciceron-avocats.com\/index.php\/wp-json\/wp\/v2\/comments?post=120"}],"version-history":[{"count":112,"href":"https:\/\/www.ciceron-avocats.com\/index.php\/wp-json\/wp\/v2\/pages\/120\/revisions"}],"predecessor-version":[{"id":722,"href":"https:\/\/www.ciceron-avocats.com\/index.php\/wp-json\/wp\/v2\/pages\/120\/revisions\/722"}],"wp:attachment":[{"href":"https:\/\/www.ciceron-avocats.com\/index.php\/wp-json\/wp\/v2\/media?parent=120"}],"curies":[{"name":"wp","href":"https:\/\/api.w.org\/{rel}","templated":true}]}}